 8, what is 4 + -45?
-41
In base 5, what is -430300 + 4?
-430241
In base 4, what is -11122 - 1003?
-12131
In base 15, what is -2 + 79?
77
In base 6, what is 1003 - -5?
1012
In base 6, what is -3 + 25?
22
In base 6, what is 4300 - 1?
4255
In base 13, what is -13 - -14?
1
In base 2, what is 11 + -101001011011?
-101001011000
In base 5, what is 0 - 1213?
-1213
In base 9, what is -502 + -1?
-503
In base 9, what is 7 - 70?
-62
In base 12, what is -2 + 347?
345
In base 6, what is -3245 + -4?
-3253
In base 16, what is 13f - -26?
165
In base 4, what is -22 + 2?
-20
In base 6, what is 51 - 0?
51
In base 2, what is -11010110 - -101?
-11010001
In base 2, what is 10000101010 + -1?
10000101001
In base 3, what is 12 - 20200?
-20111
In base 8, what is 10354 + 0?
10354
In base 8, what is 21 - -4?
25
In base 4, what is 232 - -3?
301
In base 4, what is 0 + -20031?
-20031
In base 5, what is -3 - -1424?
1421
In base 12, what is -2bab - -3?
-2ba8
In base 9, what is -21548 + 4?
-21544
In base 4, what is 11 + 1011?
1022
In base 12, what is -126a - 3?
-1271
In base 13, what is 6 - -55b?
564
In base 9, what is -523 + -33?
-556
In base 15, what is -1 + -48c?
-48d
In base 16, what is 13 - -ee?
101
In base 15, what is 28 - 3?
25
In base 2, what is -1110 + -100000101?
-100010011
In base 3, what is -21010 + 101?
-20202
In base 5, what is -1 - -403?
402
In base 3, what is -211 + -21?
-1002
In base 11, what is -1002 + -2?
-1004
In base 9, what is 16222 - -5?
16227
In base 10, what is -3 - -473?
470
In base 10, what is 2 - -52?
54
In base 15, what is 1 + e?
10
In base 10, what is -5 + 27?
22
In base 7, what is 5 + 440?
445
In base 4, what is -2302122 + 2?
-2302120
In base 7, what is -30 + -1041?
-1101
In base 15, what is -1 - a73?
-a74
In base 6, what is -245 - -52?
-153
In base 3, what is 11 + 2111?
2122
In base 15, what is -5 - 242?
-247
In base 3, what is 2011 - 121?
1120
In base 3, what is 10 + 21000?
21010
In base 12, what is 110 - -4?
114
In base 10, what is -2 - 6376?
-6378
In base 13, what is 4ba + -2?
4b8
In base 7, what is 1142 + -5?
1134
In base 2, what is -1 + 11001000?
11000111
In base 7, what is -2264 + 4?
-2260
In base 13, what is 1c4 + 3?
1c7
In base 5, what is -110 - 10?
-120
In base 3, what is -1022200 - 1?
-1022201
In base 13, what is 5 - 727?
-722
In base 9, what is 2 - 185?
-183
In base 11, what is 3 + -1138?
-1135
In base 13, what is 56 + -9?
4a
In base 4, what is -13 + -10100?
-10113
In base 9, what is 1 + -1018?
-1017
In base 14, what is 3 - 1d?
-1a
In base 14, what is -11 + -3?
-14
In base 9, what is 1 - 562?
-561
In base 6, what is 411 + 1?
412
In base 6, what is -32 - -1531?
1455
In base 16, what is -4 - c84?
-c88
In base 12, what is -721 + 11?
-710
In base 16, what is -11 + -24d?
-25e
In base 2, what is 100011001111101 + -1?
100011001111100
In base 13, what is 5 - c5?
-c0
In base 11, what is 34 + -6?
29
In base 13, what is 36 + 5?
3b
In base 14, what is -200 + -3?
-203
In base 4, what is 101012 + 2?
101020
In base 7, what is 2 + -3?
-1
In base 10, what is 5 + -21?
-16
In base 3, what is 101011 - 20?
100221
In base 6, what is 345 + -1?
344
In base 7, what is 20 + 254?
304
In base 8, what is -4 - 463?
-467
In base 13, what is -2a4 + 0?
-2a4
In base 14, what is 10a0 - 2?
109c
In base 10, what is 3 - -6151?
6154
In base 13, what is 1 + -29b?
-29a
In base 16, what is -cde + 5?
-cd9
In base 5, what is 10 - 240?
-230
In base 9, what is -4 + -5?
-10
In base 12, what is 8 - 59?
-51
In base 4, what is -2001 - -1?
-2000
In base 6, what is 10 - -53?
103
In base 3, what is 100 - -1001?
1101
In base 5, what is 2 + 2413?
2420
In base 15, what is -36 + -1?
-37
In base 12, what is 1 + -704?
-703
In base 12, what is -3a6a - 3?
-3a71
In base 9, what is -5 + -58?
-64
In base 10, what is 8 - -355?
363
In base 3, what is 11212021 - 12?
11212002
In base 14, what is -4 + -22c?
-232
In base 4, what is 11 + 103301?
103312
In base 4, what is -10 - 2030?
-2100
In base 2, what is -10011010 + 1000111?
-1010011
In base 11, what is 1234 + 4?
1238
In base 8, what is -41 + -10?
-51
In base 9, what is -1171 - -2?
-1168
In base 5, what is -20 - 3234?
-3304
In base 15, what is 1a2 + 1?
1a3
In base 13, what is a + -477?
-46a
In base 7, what is 23 - -4?
30
In base 12, what is 5 - -2878?
2881
In base 2, what is -111000000 + 10?
-110111110
In base 8, what is -7 + -16?
-25
In base 4, what is -3 - -103?
100
In base 3, what is 11 - 10022?
-10011
In base 7, what is -5 - 25?
-33
In base 7, what is 4 - -15?
22
In base 5, what is -3312 + 10?
-3302
In base 5, what is -1 - -411?
410
In base 9, what is -5 - -26?
21
In base 12, what is -4 - 4a?
-52
In base 16, what is 1 - -1c8?
1c9
In base 11, what is -47a9 - 1?
-47aa
In base 14, what is -4c - -2?
-4a
In base 9, what is -4 - 35?
-40
In base 5, what is 14 - 10422?
-10403
In base 2, what is -11101100 - 11?
-11101111
In base 14, what is -1 + 26?
25
In base 16, what is -3078 + -5?
-307d
In base 10, what is -37 + 39?
2
In base 7, what is 15 - -3?
21
In base 16, what is 36ac + 2?
36ae
In base 3, what is 12 - -1002010?
1002022
In base 3, what is -2111 + 102?
-2002
In base 3, what is 10 - -1220211?
1220221
In base 7, what is -356 - 2?
-361
In base 12, what is 1 + 20?
21
In base 15, what is 3 + -84?
-81
In base 11, what is -61 + 4?
-58
In base 2, what is -10110101010 - 0?
-10110101010
In base 10, what is -4 - 1370?
-1374
In base 15, what is 3 + 29e?
2a2
In base 5, what is -122 - 3241?
-3413
In base 9, what is 4 - -43?
47
In base 15, what is -4 + 289?
285
In base 16, what is 2 + -2652?
-2650
In base 2, what is 111 - -110000101?
110001100
In base 4, what is 1022 - 1033?
-11
In base 14, what is -1a - 4b?
-67
In base 16, what is 0 - 180d?
-180d
In base 10, what is -2584 - 4?
-2588
In base 11, what is 4002 - 3?
3aaa
In base 12, what is -6796 - 5?
-679b
In base 13, what is -11 + -239?
-24a
In base 14, what is 5 - -294?
299
In base 5, what is -2 - 2?
-4
In base 5, what is 3330 - 4?
3321
In base 4, what is -10 - 212?
-222
In base 6, what is -1035 - -41?
-554
In base 12, what is 4 - 6b?
-67
In base 5, what is -134311 - -3?
-134303
In base 3, what is 20022 - -10?
20102
In base 7, what is -13 - 64?
-110
In base 16, what is b - -8c?
97
In base 9, what is -66 - 65?
-142
In base 6, what is -21 + 2?
-15
In base 10, what is -4 - 302?
-306
In base 7, what is -1163 + -1?
-1164
In base 11, what is 0 + -421?
-421
In base 13, what is 565 - 11?
554
In base 11, what is -376 - -5?
-371
In base 3, what is -1212122 - -11?
-1212111
In base 7, what is -14 - 3462?
-3506
In base 11, what is 1 - -138?
139
In base 11, what is -25a2 - 5?
-25a7
In base 11, what is -2a56 + 3?
-2a53
In base 5, what is -1 + -13102?
-13103
In base 2, what is 1010 + 101000110?
101010000
In base 2, what is -1000000 - -1?
-111111
In base 6, what is 3 - 1414?
-1411
In base 13, what is 1c8 + -22?
1a6
In base 4, what is 323 + -132?
131
In base 12, what is 459 - -5?
462
In base 8, what is -1 + -136?
-137
In base 12, what is 38 - 0?
38
In base 10, what is 2 + 57?
59
In base 14, what is 1 - -11cd?
11d0
In base 7, what is 22360 + 3?
22363
In base 5, what is -434 + 10?
-424
In base 7, what is 12441 + -2?
12436
In base 6, what is 2212 - -3?
2215
In base 5, what is 2 + -220?
-213
In base 7, what is 3 - 253?
-250
In base 14, what is -a - 28a?
-296
In base 14, what is 34 + -43?
-d
In base 14, what is 44 + 23?
67
In base 3, what is 120010 - 2?
120001
In base 14, what is -216d + -2?
-2171
In base 8, what is -16 + 12?
-4
In base 4, what is 11 - 302?
-231
In base 15, what is -4 + d?
9
In base 14, what is -1a1 + -4?
-1a5
In base 13, what is -2b + 57?
29
In base 8, what is 4 - 4163?
-4157
In base 15, what is -10 + 5?
-a
In base 14, what is -69cc - 4?
-69d2
In base 3, what is 100120 - 210?
22210
In base 11, what is -11aa + 20?
-118a
In base 7, what is -26 - -20?
-6
In base 14, what is -5 - 17?
-1c
In base 2, what is 100 - 101111?
-101011
In base 11, what is -12 - -101?
9a
In base 2, what is -10011 + 111?
-1100
In base 12, what is 97 - 7?
90
In base 13, what is 39 - 3?
36
In base 10, what is -13 + -76?
-89
In base 2, what is 100 - 1001100000?
-1001011100
In base 2, what is 10000000 - 10001?
1101111
In base 5, what is -40 - -41?
1
In base 10, what is -19 + -230?
-249
In base 15, what is -4c6 - 5?
-4cb
In base 15, what is 3 + -1a?
-